{"id":4573,"date":"2020-02-13T12:37:15","date_gmt":"2020-02-13T12:37:15","guid":{"rendered":"http:\/\/grappelli.com\/es\/?page_id=4573"},"modified":"2021-06-08T16:56:12","modified_gmt":"2021-06-08T14:56:12","slug":"fundacion-2","status":"publish","type":"page","link":"https:\/\/grappelli.com\/es\/fundacion-2","title":{"rendered":"PROYECTO FUNDACIONAL"},"content":{"rendered":"<h4><span style=\"color: #3366ff;\"><span style=\"color: #000000;\">La <\/span><a href=\"https:\/\/www.fundacionmusicamaestro.com\/\" target=\"_blank\" rel=\"noopener noreferrer\"><span style=\"color: #ff9900;\">Fundaci\u00f3n M\u00fasica Maestro<\/span><\/a><\/span>, constituida con fecha 13 de febrero de 2012 mediante escritura p\u00fablica, constando su inscripci\u00f3n con el n\u00ba 1490 en el Registro de Fundaciones adscrita al Ministerio de Educaci\u00f3n, Cultura y Deporte.<\/h4>\n<h4>Est\u00e1 sujeta a la Ley 50\/2002 de 26 de diciembre de Fundaciones y Real decreto 1337\/2005 de 11 de noviembre de fundaciones de competencia estatal.<\/h4>\n<h4><span style=\"line-height: 1.5em;\">La Fundaci\u00f3n M\u00fasica Maestro se constituye con una finalidad social: contribuir al acercamiento de la sociedad a los valores y atributos de la m\u00fasica como lenguaje de entendimiento universal.<\/span><\/h4>\n<h4><span style=\"line-height: 1.5em;\">El punto de partida para el logro de sus fines es el fomento de la m\u00fasica desde edades tempranas a trav\u00e9s del aprendizaje de la interpretaci\u00f3n musical mediante diferentes proyectos de alcance social, aprovechando as\u00ed el camino del conocimiento de este lenguaje universal como medio para el desarrollo de la formaci\u00f3n global de la persona.<\/span><\/h4>\n<h4><span style=\"line-height: 1.5em;\">Con la participaci\u00f3n de reconocidos profesionales desarrollamos un proyecto educativo desde la primera infancia facilitando el acceso a un proyecto art\u00edstico como algo natural en los ni\u00f1os.<\/span><\/h4>\n<h4>Una experiencia educativa que impregna diversos \u00e1mbitos de la vida de los peque\u00f1os, enriqueciendo sus esferas sociales y culturales con\u00a0 el objeto de ayudar, conformar personas con criterio y sensibilidad, individuos indispensables para una sociedad moderna en un futuro deseable.<a href=\"http:\/\/fundacionmusicamaestro.com\" target=\"_blank\" rel=\"noopener noreferrer\"><br \/>\n<img loading=\"lazy\" class=\"wp-image-4574 alignleft\" src=\"http:\/\/grappelli.com\/es\/wp-content\/uploads\/fmm.png\" alt=\"fmm\" width=\"311\" height=\"136\" srcset=\"https:\/\/grappelli.com\/es\/wp-content\/uploads\/fmm.png 5100w, https:\/\/grappelli.com\/es\/wp-content\/uploads\/fmm-300x131.png 300w, https:\/\/grappelli.com\/es\/wp-content\/uploads\/fmm-1024x447.png 1024w\" sizes=\"(max-width: 311px) 100vw, 311px\" \/><\/a><\/h4>\n","protected":false},"excerpt":{"rendered":"<p>La Fundaci\u00f3n M\u00fasica Maestro, constituida con fecha 13 de febrero de 2012 mediante escritura p\u00fablica, constando su inscripci\u00f3n con el n\u00ba 1490 en el Registro de Fundaciones adscrita al Ministerio de Educaci\u00f3n, Cultura y Deporte. Est\u00e1 sujeta a la Ley 50\/2002 de 26 de diciembre de Fundaciones y Real decreto 1337\/2005 de 11 de noviembre de fundaciones de competencia estatal. La Fundaci\u00f3n M\u00fasica Maestro se constituye con una finalidad social: contribuir al acercamiento de la sociedad a los valores y atributos de la m\u00fasica como lenguaje de entendimiento universal. El punto de partida para el logro de sus fines es el fomento de la m\u00fasica desde edades tempranas a trav\u00e9s del aprendizaje de la interpretaci\u00f3n musical mediante diferentes proyectos de alcance social, aprovechando as\u00ed el camino del conocimiento de este lenguaje universal como medio para el desarrollo de la formaci\u00f3n global de la persona. Con la participaci\u00f3n de reconocidos profesionales desarrollamos un proyecto educativo desde la primera infancia facilitando el acceso a un proyecto art\u00edstico como algo natural en los ni\u00f1os. Una experiencia educativa que impregna diversos \u00e1mbitos de la vida de los peque\u00f1os, enriqueciendo sus esferas sociales y culturales con\u00a0 el objeto de ayudar, conformar personas con criterio y sensibilidad, individuos indispensables para una sociedad moderna en un futuro deseable.<\/p>\n","protected":false},"author":2,"featured_media":0,"parent":0,"menu_order":0,"comment_status":"open","ping_status":"open","template":"","meta":[],"_links":{"self":[{"href":"https:\/\/grappelli.com\/es\/wp-json\/wp\/v2\/pages\/4573"}],"collection":[{"href":"https:\/\/grappelli.com\/es\/wp-json\/wp\/v2\/pages"}],"about":[{"href":"https:\/\/grappelli.com\/es\/wp-json\/wp\/v2\/types\/page"}],"author":[{"embeddable":true,"href":"https:\/\/grappelli.com\/es\/wp-json\/wp\/v2\/users\/2"}],"replies":[{"embeddable":true,"href":"https:\/\/grappelli.com\/es\/wp-json\/wp\/v2\/comments?post=4573"}],"version-history":[{"count":23,"href":"https:\/\/grappelli.com\/es\/wp-json\/wp\/v2\/pages\/4573\/revisions"}],"predecessor-version":[{"id":4953,"href":"https:\/\/grappelli.com\/es\/wp-json\/wp\/v2\/pages\/4573\/revisions\/4953"}],"wp:attachment":[{"href":"https:\/\/grappelli.com\/es\/wp-json\/wp\/v2\/media?parent=4573"}],"curies":[{"name":"wp","href":"https:\/\/api.w.org\/{rel}","templated":true}]}}

<h4><span style="color: #3366ff;"><span style="color: #000000;">La </span><a href="https://www.fundacionmusicamaestro.com/" target="_blank" rel="noopener noreferrer"><span style="color: #ff9900;">Fundación Música Maestro</span></a></span>, constituida con fecha 13 de febrero de 2012 mediante escritura pública, constando su inscripción con el nº 1490 en el Registro de Fundaciones adscrita al Ministerio de Educación, Cultura y Deporte.</h4>
<h4>Está sujeta a la Ley 50/2002 de 26 de diciembre de Fundaciones y Real decreto 1337/2005 de 11 de noviembre de fundaciones de competencia estatal.</h4>
<h4><span style="line-height: 1.5em;">La Fundación Música Maestro se constituye con una finalidad social: contribuir al acercamiento de la sociedad a los valores y atributos de la música como lenguaje de entendimiento universal.</span></h4>
<h4><span style="line-height: 1.5em;">El punto de partida para el logro de sus fines es el fomento de la música desde edades tempranas a través del aprendizaje de la interpretación musical mediante diferentes proyectos de alcance social, aprovechando así el camino del conocimiento de este lenguaje universal como medio para el desarrollo de la formación global de la persona.</span></h4>
<h4><span style="line-height: 1.5em;">Con la participación de reconocidos profesionales desarrollamos un proyecto educativo desde la primera infancia facilitando el acceso a un proyecto artístico como algo natural en los niños.</span></h4>
<h4>Una experiencia educativa que impregna diversos ámbitos de la vida de los pequeños, enriqueciendo sus esferas sociales y culturales con  el objeto de ayudar, conformar personas con criterio y sensibilidad, individuos indispensables para una sociedad moderna en un futuro deseable.<a href="http://fundacionmusicamaestro.com" target="_blank" rel="noopener noreferrer"><br />
<img loading="lazy" class="wp-image-4574 alignleft" src="http://grappelli.com/es/wp-content/uploads/fmm.png" alt="fmm" width="311" height="136" srcset="https://grappelli.com/es/wp-content/uploads/fmm.png 5100w, https://grappelli.com/es/wp-content/uploads/fmm-300x131.png 300w, https://grappelli.com/es/wp-content/uploads/fmm-1024x447.png 1024w" sizes="(max-width: 311px) 100vw, 311px" /></a></h4>

<p>La Fundación Música Maestro, constituida con fecha 13 de febrero de 2012 mediante escritura pública, constando su inscripción con el nº 1490 en el Registro de Fundaciones adscrita al Ministerio de Educación, Cultura y Deporte. Está sujeta a la Ley 50/2002 de 26 de diciembre de Fundaciones y Real decreto 1337/2005 de 11 de noviembre de fundaciones de competencia estatal. La Fundación Música Maestro se constituye con una finalidad social: contribuir al acercamiento de la sociedad a los valores y atributos de la música como lenguaje de entendimiento universal. El punto de partida para el logro de sus fines es el fomento de la música desde edades tempranas a través del aprendizaje de la interpretación musical mediante diferentes proyectos de alcance social, aprovechando así el camino del conocimiento de este lenguaje universal como medio para el desarrollo de la formación global de la persona. Con la participación de reconocidos profesionales desarrollamos un proyecto educativo desde la primera infancia facilitando el acceso a un proyecto artístico como algo natural en los niños. Una experiencia educativa que impregna diversos ámbitos de la vida de los pequeños, enriqueciendo sus esferas sociales y culturales con  el objeto de ayudar, conformar personas con criterio y sensibilidad, individuos indispensables para una sociedad moderna en un futuro deseable.</p>
